- y**2 + 420 - 423. Determine g(-2).
-3
Let c(f) be the first derivative of -f**3/3 - 5*f**2/2 + 6*f - 23. Give c(-5).
6
Let p be -2 + 2*-1 + 2. Let l(s) be the first derivative of 1/2*s**2 - 7 + s. Determine l(p).
-1
Let m be (10 - (-64)/(-6))/(-2 + (-24)/(-9)). Let u(d) = 6*d + 4. Let l(z) = -6*z - 3. Let c(r) = -5*l(r) - 4*u(r). What is c(m)?
-7
Let s(r) = r. Suppose 3*o = 4*o. Suppose -i + 3*i - 25 = n, 3*i - 2*n = 40. Suppose o*v - i = 2*v. What is s(v)?
-5
Let c(b) = -b**3 + 8*b**2 - 16*b + 21. Suppose 56*q + 88 = 424. Give c(q).
-3
Let b = 18 + -11. Suppose 5*d - b = 3. Let m(n) = -3*n + 1. What is m(d)?
-5
Let q(s) = -13*s**2 + 8*s - 15. Let z(w) = -24*w**2 + 15*w - 29. Let h(f) = 11*q(f) - 6*z(f). What is h(0)?
9
Let g(b) = -2*b**3 + 11*b**2 - b - 17. Let r be g(5). Let y(h) be the first derivative of 1/4*h**4 - h + 3 - 4/3*h**r + 0*h**2. Determine y(4).
-1
Let g(f) = f**2 - f - 12. Let q(u) = -u + 13. Let j(t) = t - 1. Let i(z) = -2*j(z) + q(z). Let h be i(5). Calculate g(h).
-12
Let f = -14 - -1. Let y be ((-4)/(-10))/(1/(-25)). Let i = y - f. Let j(u) = -2*u + 1. Give j(i).
-5
Let t(m) = m - 4 + 0 - 2. Let s(w) = w**3 + 8*w**2 - 4*w - 4. Let c be s(-9). Let f = c + 55. What is t(f)?
0
Let h(n) = -16*n**2 - 15*n + 15. Let q(y) = 3*y**2 + 3*y - 3. Let w(g) = -2*h(g) - 11*q(g). Let l = -7 + 4. Determine w(l).
3
Suppose 2*g + 32 = 4*l - 3*g, -l + 5*g = -23. Let u(s) = l - s + s**3 - 2 + 1. Determine u(0).
2
Suppose -634*o = -649*o + 150. Let j(c) be the third derivative of c**4/24 - c**3 - 3*c**2. What is j(o)?
4
Let h(z) = z**3 + 13*z**2 + 2. Let f be (-2)/5 - (-4 + (-249)/(-15)). Let m be h(f). Let c(j) = -j**2 - 4*j + 3. Determine c(m).
-9
Let r(x) be the third derivative of -x**7/1680 + x**6/144 + x**5/12 + 13*x**2. Let m(s) be the third derivative of r(s). Suppose 2*j + j - 18 = 0. Give m(j).
-13
Let n(l) be the third derivative of l**4/6 + 25*l**3/6 - 5*l**2 - 25*l. Give n(-4).
9
Let f(b) = -b**2 + 10*b - 24. Let g be f(6). Suppose -4*c - 36 = 5*n - g*c, 0 = -5*n + 5*c. Let i(t) = -t - 6. Calculate i(n).
-2
Suppose -3*p - 3*g + 3 = -2*g, -3*p = -4*g + 12. Let n(c) = c**2 - 6 - 2*c**2 - 6*c + p*c**2. Suppose -33*l - 103 = 62. What is n(l)?
-1
Let n(h) = h + 2. Let x(f) be the third derivative of -f**4/12 + 9*f**2 - 1. Let t(m) = 3*n(m) + 2*x(m). Suppose 2*v - 5*i = -3*v + 15, 5*i = 0. Give t(v).
3
Let m be ((-120)/50)/(2/(-10)). Suppose 9 = -k + m. Let f(b) = b**2 + b - 2. What is f(k)?
10
Let w = -5 + 15. Let m = w + -13. Let f(s) = s**2 + 3*s - 1. Calculate f(m).
-1
Let z(w) = -16*w**2 - 3*w - 4. Let j(s) = 11*s**2 + 2*s + 3. Let q(b) = -7*j(b) - 5*z(b). What is q(-2)?
9
Let u(t) = -t**2 - t - 16. Suppose 3*s - 3 = 2*s. Let l(x) = -x**2 + x + 2. Let w be l(s). Let b be 1/w - 5/(-20). Calculate u(b).
-16
Let n(y) be the third derivative of y**8/6720 - y**7/420 + y**6/144 + 7*y**5/120 + y**4/24 + 7*y**2. Let c(k) be the second derivative of n(k). What is c(5)?
7
Suppose -10*d - 2*d = -132. Suppose 0 = -2*h - 4, 46 = 5*j - 5*h + d. Let a(f) = -f**3 + 5*f**2 - 6. What is a(j)?
-6
Let k(w) = w + 1. Let q(p) = 1. Let h = 8 - 9. Let z(o) = h*k(o) + 3*q(o). Let n be z(7). Let c(r) = 4*r + 7. Determine c(n).
-13
Let i(c) be the second derivative of -5*c**4/24 - 2*c**3/3 + 29*c**2/2 - 10*c. Let x(b) be the first derivative of i(b). Calculate x(-4).
16
Let m(d) = -8*d + 2. Let l(u) = -4*u + 1. Let w(a) = 5*l(a) - 2*m(a). What is w(4)?
-15
Let i(h) be the third derivative of h**5/120 - h**4/8 - 5*h**3/3 + 4*h**2. Let b(g) be the first derivative of i(g). Calculate b(5).
2
Let i(t) = -2*t**3 - 77 + 0*t**3 + 76 - 3*t - 5*t**2. Determine i(-3).
17
Let m(f) = -31 - 4*f**3 + 96 + 23*f - 52 - 9*f**2 + 3*f**3. Calculate m(-11).
2
Suppose -2*s = -0*s + b - 4, -4*s = 3*b - 6. Let u(v) = 13 + 11*v - 5*v**s - 13*v**2 + 5*v**3 + v**3. Determine u(12).
1
Let l be (1/2)/((-6)/(-372)). Let a = l + -28. Let y(n) = n**2 - 106*n + 107*n - 4*n**a + 2*n**3. Calculate y(2).
-10
Let t(m) = m - 1. Let b(u) = u + 8. Let s be b(-8). Suppose -p = -5*v - 2*p + 35, 4*p - 20 = s. What is t(v)?
5
Let z(v) = 7*v**3 - 4*v**2 + 11*v + 2. Let x(j) = -4*j**3 + 4*j**2 - 6*j - 1. Let l(o) = -5*x(o) - 3*z(o). Give l(-6).
-55
Let p(h) = -h**3 + 8*h**2 - 7*h. Suppose 0 = -11*u + 56 + 10. Determine p(u).
30
Let l(r) = -r**2 + 10*r. Let u be l(10). Suppose u*a + 4*a - 20 = 0. Let v(y) be the third derivative of y**5/60 - y**4/4 + y**3 + 23*y**2. What is v(a)?
1
Let n(h) be the second derivative of -h**4/12 + h**3/2 + 3*h**2/2 - 49*h. Suppose -38 = -5*a - 13. What is n(a)?
-7
Let m = -1 + 18. Let h(j) = 0*j + m*j - 10*j. What is h(-2)?
-14
Let i(k) = k**2 + 6*k + 5. Let c(u) = u**3 + 10*u**2 - 12*u - 8. Let d be c(-11). Let h be (-25 - -16) + 1*d. Determine i(h).
5
Let x(a) = 2*a**2 + 2716*a - 2716*a - 7. Determine x(-5).
43
Let o(x) = x - 7. Suppose -591 + 623 = -4*k. Calculate o(k).
-15
Let i(d) = -20*d + 2. Let o(a) = -17*a + 1. Let j(m) = 6*i(m) - 7*o(m). Suppose 2*v - 5*v + 9 = 0. What is j(v)?
2
Let i(q) = -13*q**2 - 8*q + 11*q - q**2 - 8*q - 29. Let z(a) = -5*a**2 - 2*a - 10. Let o(u) = 6*i(u) - 17*z(u). Let j = 13 + -18. Calculate o(j).
1
Let b = -2326 - -2318. Let y(a) = -a**3 - 8*a**2 - 4*a - 25. Determine y(b).
7
Let z(q) = -q**2 + 5*q. Let w be z(6). Let p = -8 - w. Let i(r) = 2*r**3 - 3*r - 3. What is i(p)?
-13
Let z(g) = -7*g**2 + 5*g**3 - g**3 - 3*g**3. Suppose -3*p = -5*p - 10. Let x = p - -12. What is z(x)?
0
Let c(g) = g**3 + g**2 + 10. Suppose 0 = -5*s - 4*b - 16, 0 = -4*s + 3*b + 12. Give c(s).
10
Let o(p) = 2*p**2 - 3*p - 5. Suppose s - 17 = -3*u, -3*u = -0*s - 2*s - 2. Suppose -s*w - 18 = -38. Calculate o(w).
15
Suppose -d = 2*d - 72. Let j = 18 - d. Let t = j - -9. Let r(p) = p**2 - 2*p + 1. Give r(t).
4
Let v(c) = 4*c - 7. Let p be -5*32/(-60)*(-6)/(-4). What is v(p)?
9
Let j(y) = y**2 - 8*y - 7. Let n = -57 + -25. Let x be (n/10)/(-1) + 2/(-10). What is j(x)?
-7
Suppose 3*q - 4*d = 36, 0 = 5*q + 2*d - 3*d - 77. Let b = q - 21. Let g(s) = s**2 + s + 1. Let i(r) = 2*r**2 - r + 8. Let v(z) = -3*g(z) + i(z). Calculate v(b).
0
Let h(c) = c**2 + 3*c + 3. Let t be 2/(-6)*(5 + 7). Determine h(t).
7
Let g(k) = k**2 + 5*k - 3. Let l be g(-5). Let f be (1 - (0 + -3))*(-20)/(-16). Let w be f*l*6/(-15). Let t(i) = i**2 - 9*i + 7. Calculate t(w).
-11
Let f = -238 - -245. Let r(p) be the second derivative of -1/6*p**3 + 0 + 3*p**2 - f*p. What is r(6)?
0
Let m(f) = f**3 - 5*f**2 - 2*f + 8. Let j be (-73)/(-12) + 7/(-84). Calculate m(j).
32
Let q(k) = k**3 - 5*k**2 + 3. Let y be 1 - ((-9)/3)/(-3). Let m be (y + 1)*(0 + 5). Calculate q(m).
3
Let y(q) = 6*q**2 + 9*q + 1. Suppose -16 = 4*i - 55*f + 57*f, 2*i - 12 = 4*f. Determine y(i).
7
Let d = -83/6 - -91/6. Let k(s) be the second derivative of -4*s - d*s**3 - 7/2*s**2 + 0 - 1/12*s**4. Give k(-5).
8
Suppose -6*t + t = 5. Let m(v) = -v**3 + v**2 - v. Let b(h) = -4*h**3 + 8*h**2 - 6*h + 1. Let i(d) = t*b(d) + 5*m(d). Determine i(2).
-19
Let c(s) = -s**3 - 6*s**2 - s + 7. Suppose 96 = -3*n - h, -h + 4*h + 96 = -3*n. Let k be n/112 + 254/7. Let v = 30 - k. Give c(v).
13
Suppose a - 35 = -4*a. Suppose 0 = 5*g - 10. Let m(h) = -h + g*h + 3 - 3. Give m(a).
7
Let v(i) = -6*i**3 + 3*i**2 + 4*i - 2. Let u(q) = -q**3 + q**2 + q - 1. Let y(j) = 4*u(j) - v(j). Suppose 8608 = 12*g + 8632. Calculate y(g).
-14
Let a(h) = h**3 + 6*h**2 + h - 4. Let x(s) = 3*s**3 + 2*s**2 - 5*s - 4. Let d(v) = -v**3 - v**2 - 1. Let w(u) = 2*d(u) + x(u). Let b be w(0). Determine a(b).
-10
Let s(l) = -8*l**2 - 6*l + 4. Let i(h) = 9*h**2 + 8*h - 5. Let c(z) = 3*i(z) + 4*s(z). What is c(-2)?
-19
Let x(y) = 7*y**2 + 6*y - 10. Let g(t) = 15*t**2 + 13*t - 19. Let i(n) = 6*g(n) - 13*x(n). Let f(h) be the first derivative of i(h). Determine f(-1).
2
Let j(g) = -g**2 - 4*g + 3. Let h be (-36)/16*64/48. Determine j(h).
6
Let t = -241 + 232. Let k(h) = h**2 + 9*h - 10. Calculate k(t).
-10
Let h = -65 - -67. Let t(m) be the third derivative of 5/24*m**4 - 1/60*m**5 - 6*m**h + 0*m + 0 + 5/6*m**3. Give t(6).
-1
Let a(f) = -7*f**2 + 15*f + 47. Let d(g) = 4*g**2 - 9*g - 24. Let k(q) = -3*a(q) - 5*d(q). Calculate k(0).
-21
Let y be -2 - -1 - (-9)/3. Suppose -20 = 2*o - 0*o - 4*w, -4*o = y*w + 10. Let m(d) = -2*d - 5. Let x(c) = 6*c + 15. Let v(j) = 7*m(j) + 2*x(j). Give v(